17 - -4) + (12 - 3)?
-4
What is the value of (3 - (3 + 1)) + (-11 - -17)?
5
Evaluate -4 + (12 - 8) - 3.
-3
2 - (5 + (-8 - 2 - -2))
5
Evaluate 1 + (-8 - (0 - 9)) + -8.
-6
(-9 + 2 - -3) + 0 + -1
-5
9 + -4 - (-1 - -7)
-1
Evaluate 5 - -2 - (14 + 6 + -14).
1
Evaluate 7 + -3 + (0 - -3).
7
Calculate -1 - ((-1 - 5) + 1).
4
What is 9 - 15 - (0 + -1) - -2?
-3
Calculate -1 + (-4 - -6 - 2).
-1
What is 4 + 5 + -4 + -3 + 0?
2
12 - (12 - 5) - 6
-1
Evaluate (-7 - -6) + 4 - 8 - -7.
2
Evaluate (0 + (9 - 1) - 6) + -8.
-6
0 + -7 - (-9 - 2)
4
2 - (3 + (7 - -1) + -2)
-7
Evaluate -9 + 2 + 9 - (-1 + 1).
2
What is -1 + -1 + 7 + -3 + -5?
-3
What is -1 - (3 + 1 + -10)?
5
-7 + (7 - -4) - 3
1
What is -10 + 6 + -1 - -7?
2
Evaluate (3 + -1 - -6) + -10.
-2
Evaluate -1 - 1 - (-7 + 5).
0
Evaluate (1 - (-8 + 14)) + 2.
-3
What is 2 - (-2 + (2 - 3))?
5
Evaluate 0 + 0 + -1 + 4 + -1.
2
0 - ((-9 - -5) + -1)
5
What is (10 - 0) + -8 + (2 - 1)?
3
Calculate -12 + 7 + -3 + 3.
-5
3 + -6 + (1 - -3)
1
Calculate 4 + (3 - (2 + 3)) + -3.
-1
What is 20 - (-13 - -9 - -16)?
8
What is the value of 9 + -1 + -6 + -6 + -3?
-7
10 - (-3 + (13 - 5))
5
Evaluate 0 - (7 - 9) - (-7 + 7).
2
What is the value of -1 + (1 - (7 + -4) - -3)?
0
Evaluate 9 - (21 + -12 + -1 + -2).
3
What is the value of -34 - -36 - (2 + -1 + 4)?
-3
Calculate (5 - 7) + 2 - (0 + -5).
5
-1 - (-2 - (4 + 2 + -6))
1
Calculate (-11 - -2 - 5) + 9.
-5
Calculate 1 + -3 + (1 - 0) + 1.
0
What is the value of 6 + (-8 - (7 - (0 - -3)))?
-6
Calculate 5 - (4 - (-3 + 3)).
1
Calculate 2 - 1 - 1 - (-13 + 15).
-2
5 + (-5 - (-7 + (-3 - -4)))
6
Evaluate (13 - (6 + 1)) + -3.
3
Evaluate 3 + (2 + -3 - (4 - 0)).
-2
What is -7 - (4 - 7) - (-1 + -1)?
-2
What is -13 + (18 + -11 - 2)?
-8
What is the value of 0 + (7 - 9) - -10?
8
Calculate (-4 - -5 - (3 - 1)) + -2.
-3
3 + 4 + (4 - 12)
-1
What is the value of 6 - (1 - -5) - (-1 - 6)?
7
What is -6 + 14 + 0 + -13?
-5
What is the value of -296 + 299 - (1 + 5 + -1)?
-2
Evaluate 1 + 0 + 7 + (47 - 50).
5
Calculate (-14 - (-6 - 1)) + 7 + 3.
3
What is the value of 6 + -6 - (2 + -5)?
3
What is (13 - (6 - 4)) + -5?
6
0 - (-2 - (1 + -8))
-5
What is the value of 3 + 3 + 0 + -5 - 0?
1
-2 + (2 - (-4 - 1))
5
What is -4 - 2 - (-20 + (22 - 13))?
5
Evaluate -2 + ((-3 - -7) + -1 - -1).
2
What is the value of 13 + -10 + (-7 - -5)?
1
0 + (7 + -12 - (-1 + -1))
-3
What is (-1 - -4) + (-3 + 2 - -1)?
3
-166 + 165 - (2 + -5 - 2)
4
What is the value of (-3 - -1) + (5 - 1)?
2
Evaluate -1 + 5 + -2 + -19 + 10.
-7
Evaluate -2 + -2 + 0 + -2 + 1.
-5
What is the value of 1 - (7 - (19 + -4) - -8)?
1
Calculate (-4 - -6) + -1 + (27 - 22).
6
What is 2 - (-3 - (-1 - 9))?
-5
-11 - (-2 + -2 + -5)
-2
4 - ((-2 - -2) + -1)
5
-3 - (16 - 16 - (-1 + 5))
1
(3 - -4) + (-10 - -6)
3
Calculate (-1 - 0) + -7 + 5.
-3
1 + -6 + 12 + -7
0
What is 4 + (3 - 9) + 1 + 5?
4
-33 + 29 - (-5 + -1)
2
What is 9 + -8 - 8 - (-1 + -3)?
-3
Calculate 4 + (5 - 5) + -2.
2
Evaluate 3 + (2 + -3 - -3).
5
What is -3 - ((0 - 1) + 2 + -6)?
2
Evaluate -6 - (-8 + 4 - 0) - -2.
0
What is the value of -5 + 7 + 1 - (2 + 1)?
0
Calculate -2 + 16 - ((16 - 22) + 13).
7
What is the value of 11 - 16 - (-2 - 5 - 2)?
4
What is -9 + 11 - (-6 + 2)?
6
Calculate (-3 - -3) + (6 - 3).
3
Calculate 13 - 9 - (-4 + 3 + 2).
3
What is 5 + (-7 - 1) + 5?
2
Calculate 5 - (1 + 6 - 1) - -7.
6
What is (4 - ((4 - -1) + -2)) + -2?
-1
Calculate -2 + -5 + -1 + 8.
0
What is 1 + (7 - 5) - 4?
-1
Calculate -6 - (-11 + 16 - (18 - -2)).
9
Calculate -5 + (1 - -5) - 7.
-6
What is 6 + -2 + (3 - 3) + -1?
3
6 + -14 + 12 + -1
3
Evaluate 0 + 1 + -73 + 77.
5
What is the value of -6 + 8 + 1 - -3?
6
What is 2 - (2 - (9 - 5))?
4
What is (2 - (2 - 4)) + -2 + -2?
0
-14 + -8 + 14 + 14 + -10
-4
(-4 - 1 - (-3 - 1)) + 1
0
Evaluate -15 - 0 - (1 - 4 - 5).
-7
Calculate -1 + -3 + (-1 - -1).
-4
Evaluate 6 + (3 + -7 - 2).
0
Calculate 5 - (5 - (10 + 1 + -7)).
4
What is -3 - (-1 + 1) - 0 - 1?
-4
Calculate 7 + (0 - (0 + 2)) - 0.
5
What is the value of (7 - 0) + -2 - (-2 + 3)?
4
(-28 + 29 - (0 + -4)) + 0
5
What is the value of 0 + -9 + 5 + 10?
6
What is 5 - ((-1 - -14) + 45 + -50)?
-3
Calculate -4 + (2 - 3) + (4 - -5).
4
Calculate (-1 - -1) + (-1 - 0).
-1
What is the value of 6 + -5 + -2 - (0 - -2)?
-3
Calculate -3 + 0 + -8 + 8.
-3
Calculate 16 + -13 - (-1 + 3).
1
Evaluate -4 + (3 - 3) + (3 - 0).
-1
Calculate 6 - (3 + (3 - -3)).
-3
Evaluate 0 - 7 - (-6 + 3) - -6.
2
1 + 0 + 2 + (-8 - -6)
1
(29 - 27) + 0 + 0 + -4
-2
What is -2 - 4 - (-38 + 38)?
-6
What is the value of 0 + 1 + 0 + -11 + 11?
1
What is the value of -10 + -2 + 13 + 3?
4
Evaluate 18 + -19 - (6 - 1) - -5.
-1
What is the value of -2 - (-1 - (2 + -6))?
-5
What is 1 + 1 + 2 - 3?
1
What is the value of -2 - (-2 + -1) - 4?
-3
(6 - 8) + -3 + 2
-3
9 - ((4 - -7) + -6)
4
What is the value of 1 - (14 + 1) - (-7 - -1)?
-8
Calculate 5 - 4 - 2 - -6.
5
What is the value of (-4 - 0) + (-4 - (-2 + 5))?
-11
What is the value of (-1 - -5 - (-1 - -3)) + 1?
3
Evaluate -17 + 15 + (7 - 2).
3
Calculate -21 + 9 - (0 - 0) - -7.
-5
Calculate -1 + 0 + 14 + -11.
2
What is the value of -1 - 3 - (16 + -18)?
-2
What is (-1 - -4) + -3 + 3 - -2?
5
1 + 0 - (2 + 1 + -2)
0
Evaluate 5 + (6 - 4) + -1.
6
Calculate -70 + 85 - (5 - -1) - 10.
-1
Evaluate -2 + 1 - (-9 - (4 + -9)).
3
-13 + 1 + (2 - -4)
-6
What is -8 + (-1 - (-5 + 1))?
-5
What is -1 + 5 + -2 + (-2 - 0)?
0
Evaluate (3 + -2 - (-7 - -4)) + -8.
-4
What is -6 + (4 - ((-3 - -7) + -1))?
-5
Evaluate (4 - 2 - 9 - 1) + 4.
-4
(1 - (4 + -1)) + (-5 - -4)
-3
What is -52 - -50 - (0 + -7)?
5
What is -4 + (8 - 2) - -1?
3
What is the value of (-3 + 7 - (1 - -4)) + -4?
-5
Calculate 2 + 2 + -4 + (-9 - -4).
-5
-2 + 15 + -9 - (1 - -7)
-4
Calculate (6 - (4 + -1 + -2)) + 1.
6
What is 2 + -5 + -1 - -6?
2
What is 3 + (-1 - 2) - (1 - -4)?
-5
Calculate (-7 - (-6 + 2)) + 7.
4
What is -9 - (-6 - (0 + 7))?
4
Calculate 2 + -3 + 4 + (-1 - 4).
-2
What is (-6 - -2) + (14 - 5)?
5
Evaluate (0 - (-18 - -10)) + -5.
3
What is -3 + -1 + 9 + -2?
3
7 + 1 + 0 + -6 + -1
1
What is the value of 6 + (-2 - (-7 - -5))?
6
What is the value of 8 + -8 + 9 + (-5 - -2)?
6
Calculate (-6 - 0) + (-18 - (5 + -24)).
-5
What is 0 - ((0 - -4) + -4 - 3)?
3
Calculate (-5 - 1 - -1) + 7.
2
What is (19 - 0) + (-1 - 12)?
6
What is the value of (-3 - (-9 + 3)) + 0?
3
3 - 7 - 6 - -7
-3
Calculate 7 - ((0 - 0) + 3).
4
What is -2 - (-15 + 6 - -3)?
4
What is 1 + 0 - (-2 + 0 + 3)?
0
What is 5 + -3 - 8 - (6 + -15)?
3
(0 - 3) + (-23 - -40 - 15)
-1
Evaluate 12 - ((5 - 7) + 13).
1
Evaluate -4 + (-1 - (1 + -3)).
-3
What is 0 - (5 - (-1 - -1))?
-5
Calculate (-152 - -148) + (2 - (2 - 0)).
-4
What is -3 - (-2 + -2 + 0)?
1
What is the value of 4 + -2 - (14 + -8)?
-4
Evaluate 0 - (2 + -8 + 3).
3
Evaluate 45 + -41 - (9 + 1).
-6
What is the value of 9 + -3 + -3 - (2 + 4)?
-3
1 - 0 - (8 + (-4 - 0))
-3
What is the value of 11 + -4 + (-2 - (7 + -8))?
6
What is 2 - (1 + 0) - (10 + -7)?
-2
Evaluate 8 + -5 + 6 + -5 - 3.
1
What is -19 + 7 + (1 - -4) - -6?
-1
Calculate (-9 - (4 - 18)) + -3 + 1.
3
(3 - 4) + (3 + -4 - -2)
0
-4 - (6 - (-8 + 16))
-2
What is -4 + 2 + (3 + 0 - 5)?
-4
(-3 - 2 - -5) + -3
-3
What is (10 - 24) + 8 + 7?
1
What is 16 + -10 + (-11 - -8)?
3
What is the value of -4 + 2 + 7 + (-1 - 4)?
0
0 - 2 - (3 - 10 - -2)
3
Calculate -13 + (15 - 0) - (11 - 1).
-8
What is the value of -5 + (2 - -14) + -8?
3
Evaluate 3 + (-3 - 4) + 4.
0
6 + (2 + (-1 - 3) - -1)
5
8 + -1 + 134 + -132
9
(-25 - -20) + (8 - 3)
0
Calculate (-25 + 12 - -12) + (3 - -2).
4
What is 8 + -12 - (-3 + -1)?
0
3 - ((-4 - -6) + 2)
-1
What is (-10 - -11) + -1 + 5?
5
Evaluate 1 + (-1 - 1) + (3 - 1).
1
Calculate 0 - (-8 + (0 - -4)).
4
Calculate 5 + (8 - 9) - (2 + 0).
2
-2 + 4 - (-4 - (-2 + -3))
1
Evaluate 17 + (-2 - 7) - 8.
0
Calculate 6 + 0 - (-7 - 2 - -23).
-8
-1 + 4 - (-81 - -75) - -1
10
What is 1 + (-2 - -9 - (-2 - -8))?
2
1 - ((0 - 0) + -1 + -3)
5
(-1 - 0) + (0 - 2) + 4
1
Evaluate (5 - -1) + (7 + -2 - 11).
0
What is the value of (0 - 1) + (5 - 13 - -8)?
-1
What is the value of -14 + (1 - 3) + (14 - 7)?
-9
What is the value of (-1 - -2) + -2 + (9 - 11)?
-3
What is -2 + 4 + 1 - (1 - -7)?
-5
Calculate 2 + (5 - 7) + (4 - 0).
4
Evaluate 6 + -15 + -2 + 6.
-5
Calculate 7 + -4 - (4 + -6).
5
Evaluate -2 + (6 - (-3 + -2 + 6)).
3
Calculate (2 + -4 - -6) + (-10 - -9).
3
Evaluate (2 - (2 - 2)) + 8 + -9.
1
-2